te the greatest common factor of z and w.
4
Let v(y) = y**2 - 5*y + 5. Let b be v(6). Calculate the highest common factor of 77 and b.
11
Let p(s) = 4*s**2 + 7*s - 9. Let v be p(6). Suppose -2*n = -5*n - 306. Let i = n + v. Calculate the highest common factor of 30 and i.
15
Let i(z) = 3*z**2 - 3*z. Let o be i(2). Calculate the greatest common divisor of 9 and o.
3
Let r(y) = y**3 + 2*y**2 - 5*y + 4. Let m be r(2). What is the greatest common divisor of 230 and m?
10
Let f = 32 - 12. Let x be 1*-2 - (-15)/3. Suppose 0 = 4*u + 4, x*d - 5*u - 81 = 14. Calculate the highest common factor of f and d.
10
Suppose -2*f = -o - 2, -5 - 2 = -f - o. Let s be (-4 + f)/(1/(-2)). Calculate the greatest common divisor of 18 and s.
2
Let j(i) = 42*i**3 - 1. Let f be j(1). Let n = f + -21. Calculate the highest common divisor of n and 60.
20
Suppose 3*t + 2 = 2*t. Let a be (-2)/t + (1 - -28). What is the greatest common factor of a and 20?
10
Suppose -2*k - 25 = -89. What is the highest common divisor of 4 and k?
4
Let a(g) = g**3 + 3*g**2 - 5*g + 5. Let h be a(2). What is the highest common divisor of 45 and h?
15
Suppose 2*u + 18 = 7*u + 2*c, -2*u + 12 = 2*c. Suppose 0 = -3*x + 3*o - 6, 3*x + 0*o + 2 = u*o. What is the highest common factor of x and 10?
2
Let c = 116 + -32. Calculate the greatest common divisor of 12 and c.
12
Suppose -v = -2*l + 93, 2*v = -1 + 11. Suppose l = 5*b - 31. Calculate the greatest common divisor of b and 144.
16
Let y be (-6 - (-3)/1) + 14. Let c be 2*62/4 - -2. What is the greatest common factor of c and y?
11
Let h = -20 - -23. Let x be 45 + (8 - 2 - h). What is the highest common divisor of x and 72?
24
Let g(o) = o**2 - 5*o + 7. Let f be g(5). Calculate the highest common factor of f and 49.
7
Let d(p) = -p**3 - 9*p**2 + 4*p - 10. Let m be d(-10). Let i = 13 - 3. Calculate the greatest common divisor of i and m.
10
Suppose 0 = -5*y + 10, -r - 18 = 5*y - 54. Calculate the highest common factor of 156 and r.
26
Suppose 2*z = -4*g + 232, -4 = -g - 0*g. What is the highest common divisor of z and 12?
12
Let s = -8 - -9. Suppose 5*v + 21 = s. Let w be ((-22)/4)/(v/8). What is the highest common divisor of w and 11?
11
Suppose -5*t + 4*n = -244, -t + 17*n + 44 = 21*n. What is the highest common divisor of 4 and t?
4
Suppose -5*c + 48 = 3*c. What is the greatest common divisor of c and 4?
2
Let m be -1 + (26 + 0)*-1. Let f = 47 + m. What is the greatest common factor of 50 and f?
10
Let p = -5 - -9. Suppose -71 - 25 = -p*x. Suppose 48 = 4*j + 3*n, j - 5*n = 5*j - 48. What is the highest common factor of j and x?
12
Let v(y) be the third derivative of 0*y + 0 + 1/6*y**3 + 2*y**2 - 119/24*y**4. Let q be v(-1). Calculate the highest common factor of 15 and q.
15
Suppose -2*q + 55 = -q. Suppose 0 = -2*v + 41 + 3. What is the greatest common divisor of q and v?
11
Suppose -3*o + 4*x + 32 = 0, o - 3 = -o - x. Let d(r) = r**2 + 11*r - 24. Let m be d(-13). Calculate the greatest common divisor of m and o.
2
Let g = 35 + 145. Suppose -2*q + g = q. What is the highest common divisor of q and 15?
15
Let x = -34 + 58. Let n = x + 31. Let w = n - 25. What is the greatest common divisor of 20 and w?
10
Let f = -19 + 27. Calculate the greatest common divisor of f and 88.
8
Suppose -41 = -2*k + 5*x + 109, -4*x - 8 = 0. What is the highest common factor of 28 and k?
14
Let s(v) = v**2 + 2*v - 16. Let t be s(6). Suppose 15 = 3*b, -q + 4*b + 76 = 2*q. What is the highest common divisor of q and t?
32
Let b be (-836)/(-26) + 15/(780/(-8)). Calculate the highest common divisor of b and 72.
8
Let l be -87*(2 + (-21)/9). Suppose 0 = -3*z + l + 1. Calculate the highest common divisor of z and 100.
10
Let p = 15 - -1. Let q = p - 12. Calculate the highest common divisor of q and 12.
4
Suppose -4*t + 34 = 2. What is the greatest common factor of 64 and t?
8
Let k = 83 - 69. What is the highest common divisor of 70 and k?
14
Let x(n) = -n + 13. Let w be x(-9). Calculate the highest common divisor of 44 and w.
22
Let t be (18 + 0)/(2/5). Calculate the greatest common divisor of t and 5.
5
Suppose 3*q - 5*r - 15 - 29 = 0, -36 = -4*q + r. Let d be ((-12)/(-20) - 0)*5 + 5. What is the greatest common factor of d and q?
8
Let x be ((-8)/(-6))/(1/3). Suppose -5*s + 59 = 4*m, x*m = 3*s - 0*m - 29. Let k = 73 - 40. What is the greatest common factor of k and s?
11
Let b = -26 - -40. Suppose -m - 3*w = -8, 2*m = -5*w + 4*w + 6. Suppose 2*g = -m*g + 280. What is the greatest common divisor of b and g?
14
Let t be ((-34)/(-8))/((-4)/(-1*32)). What is the highest common factor of t and 102?
34
Let y(x) = -x + 9. Let l be y(7). Suppose l*c + c = 153. Let h(w) = -17*w. Let v be h(-1). Calculate the greatest common divisor of v and c.
17
Let p(n) be the first derivative of n**4/4 + n**2/2 + n + 1. Let k be p(3). Let i = k - 22. Calculate the greatest common divisor of i and 99.
9
Let s = 45 - 18. What is the highest common factor of s and 27?
27
Let z = 90 - 60. What is the highest common divisor of z and 15?
15
Let v be (4/10)/(3/480). What is the greatest common divisor of 16 and v?
16
Let p be 17/(-5)*-1*5. Calculate the highest common divisor of p and 85.
17
Suppose 0 = 2*v - 2*g - 18, -2*v - 2*v + 6 = 2*g. Suppose 0 = -s - 4*s + 160. What is the highest common divisor of s and v?
4
Let x be 76/(-5)*25/(-10). Calculate the highest common divisor of x and 57.
19
Let v(j) = -j - 10. Let c be v(-10). Suppose -14 = -3*m + h, -4*h + h + 3 = c. Calculate the greatest common factor of 55 and m.
5
Let a be -13 + 101 + (-1 - -3). Let z = 83 + -47. Calculate the highest common factor of z and a.
18
Let b = 223 + -80. What is the highest common factor of b and 11?
11
Let i(x) = -2*x + 1. Suppose -5*l = -5*w - 0*w + 5, 30 = 2*w + 5*l. Let k be i(w). Let q be 0 + -3 + 1 - k. Calculate the highest common factor of 49 and q.
7
Let l(t) = -t**2 + 12*t + 6. Let h be l(8). Suppose u - 1 = 18. What is the greatest common divisor of u and h?
19
Suppose -70 = -2*q - 4*i, 2*q + 5*i - 6 = 67. Let h = q - 26. Calculate the highest common factor of h and 3.
3
Suppose 2*h - 7*h + 2*p = -58, 2*h + p - 16 = 0. Suppose 5*b - h*b = -1300. Calculate the greatest common divisor of b and 26.
26
Let i be (-3 + 0)/((-18)/24). Calculate the highest common divisor of i and 12.
4
Let l(d) = 12*d - 6. Let t(w) = 4*w - 2. Let c(k) = 2*l(k) - 7*t(k). Let n be c(-6). Calculate the highest common divisor of n and 104.
26
Suppose -k = 1 + 3. Let j be k/(-10) + 66/10. What is the highest common divisor of j and 63?
7
Suppose 4*u - 16 = -2*i, -2*i + 10 = 4*u - 3*u. Let y be (66/(i/(-2)))/(-1). Suppose 10*c - 260 + 40 = 0. What is the highest common factor of y and c?
11
Let d be 2/(-1) + (-9 - -29). Let v be (-314)/(-7) - 5/(-35). Calculate the highest common factor of d and v.
9
Suppose 3*l - 150 = -3*t, 3*t - 2*l = -3 + 158. Suppose -i = 4*i - 170. What is the highest common divisor of t and i?
17
Let f(i) = -i + 14. Let u be f(5). Let t be 23/2 - u/(-6). Suppose 2*k + 3*w - 88 = 114, k - 4*w = 112. What is the highest common divisor of t and k?
13
Let m(r) = r**3 - 3*r**2 + r - 2. Let a be m(4). Calculate the greatest common factor of 18 and a.
18
Let q(z) = z**3 + 11*z**2 - 11*z + 16. Let l be q(-12). What is the highest common divisor of l and 20?
4
Let z(b) = b**2 + b + 26. Let i be z(0). Let s(v) = v**2 - 2*v - 6. Let o be s(6). Let t = i - o. Calculate the highest common divisor of t and 2.
2
Let k(z) = z + 18. Let t be k(-8). Let o be (116 - 6) + -2 + 2. What is the highest common divisor of o and t?
10
Let u = 320 - 302. Suppose -2*n + 2 = -n. Suppose -n*w = -f - 74, -w + 5*f + 9 + 37 = 0. What is the greatest common factor of w and u?
18
Suppose -44 = -2*a + 34. Suppose j + 4 = a. Calculate the greatest common divisor of j and 5.
5
Let k = -7 - -13. Let t = 0 - -1. Let m(j) = 47*j + 1. Let r be m(t). What is the greatest common divisor of r and k?
6
Let l(a) = -20*a - 10. Let q be l(-3). Suppose 5*p = -4*i - 0*i + 475, -5*i + 650 = -5*p. Calculate the greatest common factor of i and q.
25
Suppose 0 = 11*l - l - 560. Calculate the greatest common factor of l and 8.
8
Let j = 75 + -61. What is the greatest common divisor of j and 49?
7
Let a(y) = -y**3 + 9*y**2 - 1. Let m be a(8). Suppose 3*t + 4*v + 